{"id":85,"date":"2016-08-07T21:03:49","date_gmt":"2016-08-07T21:03:49","guid":{"rendered":"http:\/\/stephaneferrandezconteur.com\/?page_id=85"},"modified":"2025-02-14T19:25:19","modified_gmt":"2025-02-14T19:25:19","slug":"contes-deurope","status":"publish","type":"page","link":"https:\/\/stephaneferrandezconteur.com\/?page_id=85","title":{"rendered":"Contes d&rsquo;Europe"},"content":{"rendered":"\n<p><\/p>\n\n\n\n<div class=\"wp-block-group alignwide\"><div class=\"wp-block-group__inner-container is-layout-flow wp-block-group-is-layout-flow\">\n<div style=\"height:68px\" aria-hidden=\"true\" class=\"wp-block-spacer\"><\/div>\n\n\n\n<div class=\"wp-block-group alignwide\"><div class=\"wp-block-group__inner-container is-layout-constrained wp-block-group-is-layout-constrained\">\n<h2 class=\"wp-block-heading has-large-font-size\">De lumi\u00e8res et de vent&nbsp;<\/h2>\n\n\n\n<h3 class=\"wp-block-heading\" style=\"font-size:30px\">Contes du Royaume du Danemark<\/h3>\n\n\n\n<div class=\"wp-block-media-text alignwide is-stacked-on-mobile\" style=\"grid-template-columns:49% auto\"><figure class=\"wp-block-media-text__media\"><img data-recalc-dims=\"1\" fetchpriority=\"high\" decoding=\"async\" width=\"724\" height=\"1024\" data-attachment-id=\"2506\" data-permalink=\"https:\/\/stephaneferrandezconteur.com\/?attachment_id=2506\" data-orig-file=\"https:\/\/i0.wp.com\/stephaneferrandezconteur.com\/wp-content\/uploads\/2022\/08\/De-lumieres-et-de-vents-contes-danois-Stephane-Ferrandez.jpg?fit=1414%2C2000&amp;ssl=1\" data-orig-size=\"1414,2000\" data-comments-opened=\"1\" data-image-meta=\"{&quot;aperture&quot;:&quot;0&quot;,&quot;credit&quot;:&quot;&quot;,&quot;camera&quot;:&quot;&quot;,&quot;caption&quot;:&quot;&quot;,&quot;created_timestamp&quot;:&quot;0&quot;,&quot;copyright&quot;:&quot;&quot;,&quot;focal_length&quot;:&quot;0&quot;,&quot;iso&quot;:&quot;0&quot;,&quot;shutter_speed&quot;:&quot;0&quot;,&quot;title&quot;:&quot;&quot;,&quot;orientation&quot;:&quot;1&quot;}\" data-image-title=\"De lumi\u00e8res et de vents contes danois St\u00e9phane Ferrandez\" data-image-description=\"\" data-image-caption=\"&lt;p&gt;Contes du Royaume du Danemark&lt;\/p&gt;\n\" data-medium-file=\"https:\/\/i0.wp.com\/stephaneferrandezconteur.com\/wp-content\/uploads\/2022\/08\/De-lumieres-et-de-vents-contes-danois-Stephane-Ferrandez.jpg?fit=212%2C300&amp;ssl=1\" data-large-file=\"https:\/\/i0.wp.com\/stephaneferrandezconteur.com\/wp-content\/uploads\/2022\/08\/De-lumieres-et-de-vents-contes-danois-Stephane-Ferrandez.jpg?fit=724%2C1024&amp;ssl=1\" src=\"https:\/\/i0.wp.com\/stephaneferrandezconteur.com\/wp-content\/uploads\/2022\/08\/De-lumieres-et-de-vents-contes-danois-Stephane-Ferrandez.jpg?resize=724%2C1024&#038;ssl=1\" alt=\"\" class=\"wp-image-2506 size-full\" srcset=\"https:\/\/i0.wp.com\/stephaneferrandezconteur.com\/wp-content\/uploads\/2022\/08\/De-lumieres-et-de-vents-contes-danois-Stephane-Ferrandez.jpg?resize=724%2C1024&amp;ssl=1 724w, https:\/\/i0.wp.com\/stephaneferrandezconteur.com\/wp-content\/uploads\/2022\/08\/De-lumieres-et-de-vents-contes-danois-Stephane-Ferrandez.jpg?resize=212%2C300&amp;ssl=1 212w, https:\/\/i0.wp.com\/stephaneferrandezconteur.com\/wp-content\/uploads\/2022\/08\/De-lumieres-et-de-vents-contes-danois-Stephane-Ferrandez.jpg?resize=768%2C1086&amp;ssl=1 768w, https:\/\/i0.wp.com\/stephaneferrandezconteur.com\/wp-content\/uploads\/2022\/08\/De-lumieres-et-de-vents-contes-danois-Stephane-Ferrandez.jpg?resize=1086%2C1536&amp;ssl=1 1086w, https:\/\/i0.wp.com\/stephaneferrandezconteur.com\/wp-content\/uploads\/2022\/08\/De-lumieres-et-de-vents-contes-danois-Stephane-Ferrandez.jpg?w=1414&amp;ssl=1 1414w\" sizes=\"(max-width: 724px) 100vw, 724px\" \/><\/figure><div class=\"wp-block-media-text__content\">\n<h3 class=\"wp-block-heading has-large-font-size\">&nbsp;<\/h3>\n\n\n\n<p class=\"has-drop-cap has-medium-font-size\">Il est un royaume baign\u00e9 par les humeurs&nbsp;tumultueuses de la mer Baltique, sa couronne&nbsp;rayonne jusqu\u2019au Groenland.<br>Son peuple c\u00f4toie depuis toujours trolls, lutins,&nbsp;sorci\u00e8res, f\u00e9es et les cr\u00e9atures marines des plus&nbsp;\u00e9tranges.&nbsp;Sur l\u2019ancienne terre des Vikings, la magie ne&nbsp;s\u2019\u00e9coule pas seulement dans le ballet des aurores&nbsp;bor\u00e9ales, elle surgit de la parole intarissable des&nbsp;conteurs danois, avec l\u2019insolence du soleil de&nbsp;minuit.<\/p>\n<\/div><\/div>\n<\/div><\/div>\n\n\n\n<p style=\"font-size:22px\"><br>Version tout public \u00e0 partir de 7 ans  <\/p>\n\n\n\n<div style=\"height:115px\" aria-hidden=\"true\" class=\"wp-block-spacer\"><\/div>\n\n\n\n<h1 class=\"wp-block-heading\">As amendoeiras do Algarve \/ Les Amandiers de l&rsquo;Algarve<\/h1>\n\n\n\n<h2 class=\"wp-block-heading\">Contes du Portugal et de la Lusophonie<\/h2>\n\n\n\n<div class=\"wp-block-media-text alignwide is-stacked-on-mobile\" style=\"grid-template-columns:36% auto\"><figure class=\"wp-block-media-text__media\"><img data-recalc-dims=\"1\" decoding=\"async\" width=\"810\" height=\"1080\" data-attachment-id=\"3909\" data-permalink=\"https:\/\/stephaneferrandezconteur.com\/?attachment_id=3909\" data-orig-file=\"https:\/\/i0.wp.com\/stephaneferrandezconteur.com\/wp-content\/uploads\/2025\/01\/Art-or.jpg?fit=1080%2C1440&amp;ssl=1\" data-orig-size=\"1080,1440\" data-comments-opened=\"1\" data-image-meta=\"{&quot;aperture&quot;:&quot;0&quot;,&quot;credit&quot;:&quot;&quot;,&quot;camera&quot;:&quot;&quot;,&quot;caption&quot;:&quot;&quot;,&quot;created_timestamp&quot;:&quot;0&quot;,&quot;copyright&quot;:&quot;&quot;,&quot;focal_length&quot;:&quot;0&quot;,&quot;iso&quot;:&quot;0&quot;,&quot;shutter_speed&quot;:&quot;0&quot;,&quot;title&quot;:&quot;&quot;,&quot;orientation&quot;:&quot;1&quot;}\" data-image-title=\"Art-or\" data-image-description=\"\" data-image-caption=\"\" data-medium-file=\"https:\/\/i0.wp.com\/stephaneferrandezconteur.com\/wp-content\/uploads\/2025\/01\/Art-or.jpg?fit=225%2C300&amp;ssl=1\" data-large-file=\"https:\/\/i0.wp.com\/stephaneferrandezconteur.com\/wp-content\/uploads\/2025\/01\/Art-or.jpg?fit=810%2C1080&amp;ssl=1\" src=\"https:\/\/i0.wp.com\/stephaneferrandezconteur.com\/wp-content\/uploads\/2025\/01\/Art-or.jpg?resize=810%2C1080&#038;ssl=1\" alt=\"\" class=\"wp-image-3909 size-full\" srcset=\"https:\/\/i0.wp.com\/stephaneferrandezconteur.com\/wp-content\/uploads\/2025\/01\/Art-or.jpg?resize=810%2C1080&amp;ssl=1 810w, https:\/\/i0.wp.com\/stephaneferrandezconteur.com\/wp-content\/uploads\/2025\/01\/Art-or.jpg?resize=225%2C300&amp;ssl=1 225w, https:\/\/i0.wp.com\/stephaneferrandezconteur.com\/wp-content\/uploads\/2025\/01\/Art-or.jpg?resize=768%2C1024&amp;ssl=1 768w, https:\/\/i0.wp.com\/stephaneferrandezconteur.com\/wp-content\/uploads\/2025\/01\/Art-or.jpg?w=1080&amp;ssl=1 1080w\" sizes=\"(max-width: 810px) 100vw, 810px\" \/><\/figure><div class=\"wp-block-media-text__content\">\n<p class=\"has-drop-cap has-medium-font-size\">Un \u00e9mir s\u2019\u00e9prend d\u2019une princesse venue du nord, aux yeux bleus comme les fjords de Norv\u00e8ge et aux cheveux blonds comme les bl\u00e9s. Il lui offre son royaume : &nbsp;l\u2019Algarve.<\/p>\n\n\n\n<p class=\"has-medium-font-size\">Mais le sud du Portugal n\u2019apporte que nostalgie\u00e0 la princesse. Dans la chambre royale du Ch\u00e2teau aux pierres rouges de Silves, alit\u00e9e, elle contemple les sc\u00e8nes peintes sur les azulejos qui tapissent les murs. Puis elle ferme les yeux, berc\u00e9e par la voix de son mari qui lui en raconte l&rsquo;histoire. <\/p>\n\n\n\n<p class=\"has-medium-font-size\">Un jour l&rsquo;\u00e9mir contemple le paysage de son royaume avec son fid\u00e8le conseill\u00e9 quand soudain&#8230;<\/p>\n<\/div><\/div>\n\n\n\n<p style=\"font-size:22px\"><br>Version tout public \u00e0 partir de 5 ans avec chants et comptines<\/p>\n\n\n\n<div style=\"height:106px\" aria-hidden=\"true\" class=\"wp-block-spacer\"><\/div>\n<\/div><\/div>\n\n\n\n<h2 class=\"wp-block-heading has-large-font-size\">Le moulin \u00e0 Paroles<\/h2>\n\n\n\n<h1 class=\"wp-block-heading\" style=\"font-size:30px\">Contes de France<\/h1>\n\n\n\n<div class=\"wp-block-media-text alignwide is-stacked-on-mobile is-vertically-aligned-bottom\"><figure class=\"wp-block-media-text__media\"><img data-recalc-dims=\"1\" decoding=\"async\" width=\"773\" height=\"1024\" data-attachment-id=\"1401\" data-permalink=\"https:\/\/stephaneferrandezconteur.com\/?attachment_id=1401\" data-orig-file=\"https:\/\/i0.wp.com\/stephaneferrandezconteur.com\/wp-content\/uploads\/2019\/10\/comica1563587053755.jpg?fit=773%2C1024&amp;ssl=1\" data-orig-size=\"773,1024\" data-comments-opened=\"1\" data-image-meta=\"{&quot;aperture&quot;:&quot;0&quot;,&quot;credit&quot;:&quot;&quot;,&quot;camera&quot;:&quot;&quot;,&quot;caption&quot;:&quot;&quot;,&quot;created_timestamp&quot;:&quot;0&quot;,&quot;copyright&quot;:&quot;&quot;,&quot;focal_length&quot;:&quot;0&quot;,&quot;iso&quot;:&quot;0&quot;,&quot;shutter_speed&quot;:&quot;0&quot;,&quot;title&quot;:&quot;&quot;,&quot;orientation&quot;:&quot;0&quot;}\" data-image-title=\"comica1563587053755\" data-image-description=\"\" data-image-caption=\"\" data-medium-file=\"https:\/\/i0.wp.com\/stephaneferrandezconteur.com\/wp-content\/uploads\/2019\/10\/comica1563587053755.jpg?fit=226%2C300&amp;ssl=1\" data-large-file=\"https:\/\/i0.wp.com\/stephaneferrandezconteur.com\/wp-content\/uploads\/2019\/10\/comica1563587053755.jpg?fit=773%2C1024&amp;ssl=1\" src=\"https:\/\/i0.wp.com\/stephaneferrandezconteur.com\/wp-content\/uploads\/2019\/10\/comica1563587053755.jpg?resize=773%2C1024&#038;ssl=1\" alt=\"\" class=\"wp-image-1401 size-full\" srcset=\"https:\/\/i0.wp.com\/stephaneferrandezconteur.com\/wp-content\/uploads\/2019\/10\/comica1563587053755.jpg?w=773&amp;ssl=1 773w, https:\/\/i0.wp.com\/stephaneferrandezconteur.com\/wp-content\/uploads\/2019\/10\/comica1563587053755.jpg?resize=226%2C300&amp;ssl=1 226w, https:\/\/i0.wp.com\/stephaneferrandezconteur.com\/wp-content\/uploads\/2019\/10\/comica1563587053755.jpg?resize=768%2C1017&amp;ssl=1 768w\" sizes=\"(max-width: 773px) 100vw, 773px\" \/><\/figure><div class=\"wp-block-media-text__content\">\n<p style=\"font-size:27px\">Un meunier raconte des histoires issues de toutes les r\u00e9gions de France : de Papa Long-Nez, gardien des secrets, en passant par &lsquo;Ti\u00e9 de Coq, le fondeur de vieilles, le corps sans \u00e2me et bien d&rsquo;autres contes merveilleux dont la v\u00e9ritable histoire du Chaperon Rouge. Fouillez dans le sac du meunier, la prochaine histoire !<\/p>\n<\/div><\/div>\n\n\n\n<div style=\"height:100px\" aria-hidden=\"true\" class=\"wp-block-spacer\"><\/div>\n\n\n\n<h1 class=\"wp-block-heading\"><\/h1>\n","protected":false},"excerpt":{"rendered":"<p>De lumi\u00e8res et de vent&nbsp; Contes du Royaume du Danemark &nbsp; Il est un royaume baign\u00e9 par les humeurs&nbsp;tumultueuses de la mer Baltique, sa couronne&nbsp;rayonne jusqu\u2019au Groenland.Son peuple c\u00f4toie depuis<\/p>\n<p class=\"more-link\"><a href=\"https:\/\/stephaneferrandezconteur.com\/?page_id=85\" class=\"readmore\">Continue reading<svg class=\"icon icon-arrow-right\" aria-hidden=\"true\" role=\"img\"> <use href=\"#icon-arrow-right\" xlink:href=\"#icon-arrow-right\"><\/use> <\/svg><span class=\"screen-reader-text\">Contes d&rsquo;Europe<\/span><\/a><\/p>\n","protected":false},"author":1,"featured_media":0,"parent":65,"menu_order":0,"comment_status":"closed","ping_status":"closed","template":"","meta":{"_eb_attr":"","_monsterinsights_skip_tracking":false,"_monsterinsights_sitenote_active":false,"_monsterinsights_sitenote_note":"","_monsterinsights_sitenote_category":0,"jetpack_post_was_ever_published":false,"footnotes":""},"aioseo_notices":[],"jetpack_sharing_enabled":true,"jetpack_shortlink":"https:\/\/wp.me\/P94LVL-1n","jetpack-related-posts":[],"jetpack_likes_enabled":true,"_links":{"self":[{"href":"https:\/\/stephaneferrandezconteur.com\/index.php?rest_route=\/wp\/v2\/pages\/85"}],"collection":[{"href":"https:\/\/stephaneferrandezconteur.com\/index.php?rest_route=\/wp\/v2\/pages"}],"about":[{"href":"https:\/\/stephaneferrandezconteur.com\/index.php?rest_route=\/wp\/v2\/types\/page"}],"author":[{"embeddable":true,"href":"https:\/\/stephaneferrandezconteur.com\/index.php?rest_route=\/wp\/v2\/users\/1"}],"replies":[{"embeddable":true,"href":"https:\/\/stephaneferrandezconteur.com\/index.php?rest_route=%2Fwp%2Fv2%2Fcomments&post=85"}],"version-history":[{"count":23,"href":"https:\/\/stephaneferrandezconteur.com\/index.php?rest_route=\/wp\/v2\/pages\/85\/revisions"}],"predecessor-version":[{"id":4003,"href":"https:\/\/stephaneferrandezconteur.com\/index.php?rest_route=\/wp\/v2\/pages\/85\/revisions\/4003"}],"up":[{"embeddable":true,"href":"https:\/\/stephaneferrandezconteur.com\/index.php?rest_route=\/wp\/v2\/pages\/65"}],"wp:attachment":[{"href":"https:\/\/stephaneferrandezconteur.com\/index.php?rest_route=%2Fwp%2Fv2%2Fmedia&parent=85"}],"curies":[{"name":"wp","href":"https:\/\/api.w.org\/{rel}","templated":true}]}}