{"id":336,"date":"2017-08-17T18:05:54","date_gmt":"2017-08-17T18:05:54","guid":{"rendered":"http:\/\/stephaneferrandezconteur.com\/?page_id=336"},"modified":"2025-05-26T10:56:00","modified_gmt":"2025-05-26T10:56:00","slug":"formations","status":"publish","type":"page","link":"https:\/\/stephaneferrandezconteur.com\/?page_id=336","title":{"rendered":"FORMATIONS"},"content":{"rendered":"\n<h2 class=\"wp-block-heading has-dark-yellow-color has-text-color has-link-color has-large-font-size wp-elements-9af7f9b6e7879f479383cf5da5a228aa\" id=\"cc-m-header-14436584327\">ATELIER HEBDOMADAIRE POUR ADULTES<\/h2>\n\n\n\n<hr class=\"wp-block-separator has-alpha-channel-opacity\"\/>\n\n\n\n<p>Je coanime avec<a href=\"https:\/\/www.sonia-koskas.com\/formations\/formations-pour-adultes\/\" target=\"_blank\" rel=\"noopener\" title=\"\"> Sonia Koska<\/a>, un atelier pour adultes \u00e0 Paris<\/p>\n\n\n\n<p>L\u2019atelier a lieu tous les lundis sauf vacances scolaires.<\/p>\n\n\n\n<p>Cet atelier, qui a d\u00e9but\u00e9 en 1998, se d\u00e9roule dans le XI<sup>\u00e8me<\/sup>&nbsp; arrondissement de Paris. Il est ouvert \u00e0 toute personne d\u00e9sireuse de s&rsquo;initier ou d\u2019approfondir l&rsquo;art de conter.<\/p>\n\n\n\n<p>L&rsquo;atelier accueille \u00e0 la fois des conteurs et conteuses d\u00e9butants et confirm\u00e9s. Cette formule a recueilli les suffrages des participants eux-m\u00eames<strong>.<\/strong>&nbsp;Elle permet une entr\u00e9e personnalis\u00e9e dans le monde du conte et le travail du conteur ainsi qu&rsquo;une grande \u00e9mulation,<\/p>\n\n\n\n<p>Votre passage dans l&rsquo;atelier peut \u00eatre d&rsquo;un an, ou deux, ou trois, ou plus. Ainsi, les plus avanc\u00e9s peuvent-ils mener leurs projets et approfondir leur pratique, pendant que les d\u00e9butants d\u00e9couvrent les finesses de cet art, notamment gr\u00e2ce aux plus avanc\u00e9s, chacun avan\u00e7ant \u00e0 son rythme.<\/p>\n\n\n\n<p>Plusieurs occasions de conter sont offertes aux stagiaires pendant l&rsquo;ann\u00e9e.<\/p>\n\n\n\n<p>L&rsquo;ann\u00e9e prochaine <a href=\"http:\/\/kamel-zouaoui.fr\/\" target=\"_blank\" rel=\"noopener\" title=\"\">Kamel Zouaoui <\/a>reprendra la main aupr\u00e8s de Sonia Koskas<\/p>\n\n\n\n<p class=\"has-text-color has-link-color wp-elements-47e2f35fb6f8222707995cbe573e8361\" style=\"color:#c6804a\"><a href=\"https:\/\/www.sonia-koskas.com\/pdf-formation\/\">&nbsp;<\/a><strong><a href=\"https:\/\/www.sonia-koskas.com\/pdf-formation\/\" target=\"_blank\" rel=\"noopener\" title=\"\">Tous les renseignements sur la session 2024 2025<\/a><\/strong><\/p>\n\n\n\n<h1 class=\"wp-block-heading has-dark-yellow-color has-text-color has-link-color has-large-font-size wp-elements-e63093db16f9956cbf69c27bc9659f0f\"><strong>FORMATIONS \/ COACHING<\/strong><\/h1>\n\n\n\n<p class=\"has-medium-font-size\">St\u00e9phane Ferrandez est formateur de formateurs notamment aupr\u00e8s des cliniciens (<strong>collaborateur \u00e0<a href=\"http:\/\/www.afar.fr\/\"> l&rsquo;AFAR<\/a><\/strong><a href=\"http:\/\/www.afar.fr\/\">)<\/a>, des biblioth\u00e9caires et des enseignants (<strong>3 ans d&rsquo;interventions au Coll\u00e8ge Jean Villar \u00e0 la Courneuve)<\/strong>&nbsp; qui utilisent le conte comme outil th\u00e9rapeutique, p\u00e9dagogique ou simplement d&rsquo;animation.<\/p>\n\n\n\n<p class=\"has-medium-font-size\">Il anime \u00e9galement de nombreux ateliers aupr\u00e8s des conteurs amateurs.<\/p>\n\n\n\n<p class=\"has-medium-font-size\"><strong>3 stages sont possibles pour explorer les voies du Conte:<br><\/strong><\/p>\n\n\n\n<p class=\"has-medium-font-size\"><strong>Dans une ambiance conviviale et r\u00e9cr\u00e9ative, \u00e0 travers divers exercices li\u00e9s \u00e0 la ma\u00eetrise de l\u2019art sc\u00e9nique et de la parole cont\u00e9e, le conteur vous accompagne sur le fil de votre r\u00e9cit jusqu&rsquo;\u00e0 atteindre ou toucher du bout des mots: <\/strong><\/p>\n\n\n\n<p class=\"has-medium-font-size\"><strong>le plaisir de raconter et de partager une histoire<\/strong>.<\/p>\n\n\n\n<hr class=\"wp-block-separator has-css-opacity\"\/>\n\n\n\n<p><\/p>\n\n\n\n<h2 class=\"wp-block-heading\"><em><span style=\"color: #993366;\"><strong>1) S&rsquo;initier \u00e0 l&rsquo;art du conteur<\/strong><\/span><\/em><\/h2>\n\n\n\n<p><strong>Apprendre :<\/strong><\/p>\n\n\n\n<ul>\n<li>Jouer avec la m\u00e9moire <img data-recalc-dims=\"1\" fetchpriority=\"high\" decoding=\"async\" data-attachment-id=\"560\" data-permalink=\"https:\/\/stephaneferrandezconteur.com\/?attachment_id=560\" data-orig-file=\"https:\/\/i0.wp.com\/stephaneferrandezconteur.com\/wp-content\/uploads\/2017\/08\/conteur-mwalk-sans-fond.jpg?fit=237%2C402&amp;ssl=1\" data-orig-size=\"237,402\" data-comments-opened=\"1\" data-image-meta=\"{&quot;aperture&quot;:&quot;0&quot;,&quot;credit&quot;:&quot;&quot;,&quot;camera&quot;:&quot;&quot;,&quot;caption&quot;:&quot;&quot;,&quot;created_timestamp&quot;:&quot;0&quot;,&quot;copyright&quot;:&quot;&quot;,&quot;focal_length&quot;:&quot;0&quot;,&quot;iso&quot;:&quot;0&quot;,&quot;shutter_speed&quot;:&quot;0&quot;,&quot;title&quot;:&quot;&quot;,&quot;orientation&quot;:&quot;0&quot;}\" data-image-title=\"conteur-mwalk&#8211;sans&#8211;fond\" data-image-description=\"\" data-image-caption=\"\" data-medium-file=\"https:\/\/i0.wp.com\/stephaneferrandezconteur.com\/wp-content\/uploads\/2017\/08\/conteur-mwalk-sans-fond.jpg?fit=177%2C300&amp;ssl=1\" data-large-file=\"https:\/\/i0.wp.com\/stephaneferrandezconteur.com\/wp-content\/uploads\/2017\/08\/conteur-mwalk-sans-fond.jpg?fit=237%2C402&amp;ssl=1\" width=\"237\" height=\"402\" class=\"size-full wp-image-560 alignright\" src=\"https:\/\/i0.wp.com\/stephaneferrandezconteur.com\/wp-content\/uploads\/2017\/08\/conteur-mwalk-sans-fond.jpg?resize=237%2C402&#038;ssl=1\" alt=\"\" srcset=\"https:\/\/i0.wp.com\/stephaneferrandezconteur.com\/wp-content\/uploads\/2017\/08\/conteur-mwalk-sans-fond.jpg?w=237&amp;ssl=1 237w, https:\/\/i0.wp.com\/stephaneferrandezconteur.com\/wp-content\/uploads\/2017\/08\/conteur-mwalk-sans-fond.jpg?resize=177%2C300&amp;ssl=1 177w\" sizes=\"(max-width: 237px) 100vw, 237px\" \/><\/li>\n\n\n\n<li>Conna\u00eetre Le Conte (Histoire, r\u00f4les, Folklore, Ethnologie)<\/li>\n\n\n\n<li>Reconna\u00eetre les diff\u00e9rents types de contes et leurs motifs<\/li>\n\n\n\n<li>Pratiquer le souffle, la voix, l&rsquo;articulation<\/li>\n\n\n\n<li>Respirer pour mieux g\u00e9rer son stress<\/li>\n\n\n\n<li>Utiliser son premier outil : le corps<\/li>\n<\/ul>\n\n\n\n<p>&nbsp;<br><strong>D\u00e9velopper ses capacit\u00e9s \u00e0 :<\/strong><\/p>\n\n\n\n<ul>\n<li>Imaginer un r\u00e9cit<\/li>\n\n\n\n<li>Faire confiance aux images que nous \u00e9voque l&rsquo;histoire<\/li>\n\n\n\n<li>Faire vivre le conte \u00e0 travers ses propres mots, ses propres gestes<\/li>\n\n\n\n<li>Donner sa parole \u00e0 l&rsquo;autre, au public<\/li>\n\n\n\n<li>Accueillir et solliciter le regard de l\u2019autre<\/li>\n<\/ul>\n\n\n\n<h4 class=\"wp-block-heading\"><strong><span style=\"color: #993366;\">Formation de 2&nbsp; \u00e0&nbsp; 5&nbsp; jours<\/span><\/strong><\/h4>\n\n\n\n<hr class=\"wp-block-separator has-css-opacity\"\/>\n\n\n\n<h2 class=\"wp-block-heading\"><em><strong>2 )&nbsp;<span style=\"color: #993366;\"> Conte &amp; Improvisation<\/span> <\/strong><\/em><\/h2>\n\n\n<div class=\"wp-block-image\">\n<figure class=\"alignright\"><img data-recalc-dims=\"1\" decoding=\"async\" width=\"183\" height=\"300\" data-attachment-id=\"555\" data-permalink=\"https:\/\/stephaneferrandezconteur.com\/?attachment_id=555\" data-orig-file=\"https:\/\/i0.wp.com\/stephaneferrandezconteur.com\/wp-content\/uploads\/2017\/08\/conteur-fond-vide-pochoir.png?fit=856%2C1404&amp;ssl=1\" data-orig-size=\"856,1404\" data-comments-opened=\"1\" data-image-meta=\"{&quot;aperture&quot;:&quot;0&quot;,&quot;credit&quot;:&quot;&quot;,&quot;camera&quot;:&quot;&quot;,&quot;caption&quot;:&quot;&quot;,&quot;created_timestamp&quot;:&quot;0&quot;,&quot;copyright&quot;:&quot;&quot;,&quot;focal_length&quot;:&quot;0&quot;,&quot;iso&quot;:&quot;0&quot;,&quot;shutter_speed&quot;:&quot;0&quot;,&quot;title&quot;:&quot;&quot;,&quot;orientation&quot;:&quot;0&quot;}\" data-image-title=\"conteur-fond-vide-pochoir\" data-image-description=\"\" data-image-caption=\"\" data-medium-file=\"https:\/\/i0.wp.com\/stephaneferrandezconteur.com\/wp-content\/uploads\/2017\/08\/conteur-fond-vide-pochoir.png?fit=183%2C300&amp;ssl=1\" data-large-file=\"https:\/\/i0.wp.com\/stephaneferrandezconteur.com\/wp-content\/uploads\/2017\/08\/conteur-fond-vide-pochoir.png?fit=624%2C1024&amp;ssl=1\" src=\"https:\/\/i0.wp.com\/stephaneferrandezconteur.com\/wp-content\/uploads\/2017\/08\/conteur-fond-vide-pochoir.png?resize=183%2C300&#038;ssl=1\" alt=\"\" class=\"wp-image-555\" srcset=\"https:\/\/i0.wp.com\/stephaneferrandezconteur.com\/wp-content\/uploads\/2017\/08\/conteur-fond-vide-pochoir.png?resize=183%2C300&amp;ssl=1 183w, https:\/\/i0.wp.com\/stephaneferrandezconteur.com\/wp-content\/uploads\/2017\/08\/conteur-fond-vide-pochoir.png?resize=768%2C1260&amp;ssl=1 768w, https:\/\/i0.wp.com\/stephaneferrandezconteur.com\/wp-content\/uploads\/2017\/08\/conteur-fond-vide-pochoir.png?resize=624%2C1024&amp;ssl=1 624w, https:\/\/i0.wp.com\/stephaneferrandezconteur.com\/wp-content\/uploads\/2017\/08\/conteur-fond-vide-pochoir.png?w=856&amp;ssl=1 856w\" sizes=\"(max-width: 183px) 100vw, 183px\" \/><\/figure><\/div>\n\n\n<p>Vous avez emprunt\u00e9 le chemin des contes depuis un certain temps. Vous commencez \u00e0 vous sentir \u00e0 l&rsquo;aise dans votre assise de conteur, mais quelque chose vous manque, vous interpelle :<\/p>\n\n\n\n<p>Il vous reste \u00e0 trouver la libert\u00e9 dans l&rsquo;instant, le plaisir de jouer et de broder autour du th\u00e8me de votre histoire tel un musicien de jazz. Vous aborderez dans ce second niveau les th\u00e8mes suivants :<\/p>\n\n\n\n<ul>\n<li>Construire son propre chemin de narration par les mots, les images, le jeu des personnages.<\/li>\n\n\n\n<li>Trouver le geste et la parole justes<\/li>\n\n\n\n<li>Appuyer son r\u00e9cit sur un accompagnement musical<\/li>\n\n\n\n<li>\u00catre attentif au public et \u00e0 l\u2019atmosph\u00e8re<\/li>\n\n\n\n<li>G\u00e9rer son \u00e9nergie<\/li>\n<\/ul>\n\n\n\n<h4 class=\"wp-block-heading\"><strong><span style=\"color: #993366;\">Formation de 2&nbsp; \u00e0&nbsp; 5&nbsp; jours<\/span> <\/strong><\/h4>\n\n\n\n<hr class=\"wp-block-separator has-css-opacity\"\/>\n\n\n\n<h2 class=\"wp-block-heading\"><em><strong>3) <span style=\"color: #993366;\">Hanashika : Sur le fil de la parole japonaise<\/span> <\/strong><\/em><\/h2>\n\n\n\n<p>Le ma\u00eetre de Rakugo, un conteur assis, utilise deux accessoires&nbsp;: un \u00e9ventail et une serviette de tissu pour mimer les gestes de la vie quotidienne et l\u2019attitude des personnages.&nbsp; Inspir\u00e9 de l\u2019enseignement des ma\u00eetres du Rakugo \u00e0 Osaka, <br class=\"autobr\">ce stage souhaite vous faire exp\u00e9rimenter les techniques orientales et occidentales de la parole cont\u00e9e,&nbsp; sur un mode ludique et dynamique.<\/p>\n\n\n\n<h4 class=\"wp-block-heading\"><br class=\"autobr\"><strong>Vous choisissez un conte japonais et explorez les diff\u00e9rentes mani\u00e8res de le modeler, de l\u2019incarner, de le raconter.<\/strong><\/h4>\n\n\n<div class=\"wp-block-image\">\n<figure class=\"alignright\"><img data-recalc-dims=\"1\" decoding=\"async\" width=\"297\" height=\"327\" data-attachment-id=\"557\" data-permalink=\"https:\/\/stephaneferrandezconteur.com\/?attachment_id=557\" data-orig-file=\"https:\/\/i0.wp.com\/stephaneferrandezconteur.com\/wp-content\/uploads\/2017\/08\/renard-avec-fond.jpg?fit=297%2C327&amp;ssl=1\" data-orig-size=\"297,327\" data-comments-opened=\"1\" data-image-meta=\"{&quot;aperture&quot;:&quot;0&quot;,&quot;credit&quot;:&quot;&quot;,&quot;camera&quot;:&quot;&quot;,&quot;caption&quot;:&quot;&quot;,&quot;created_timestamp&quot;:&quot;0&quot;,&quot;copyright&quot;:&quot;&quot;,&quot;focal_length&quot;:&quot;0&quot;,&quot;iso&quot;:&quot;0&quot;,&quot;shutter_speed&quot;:&quot;0&quot;,&quot;title&quot;:&quot;&quot;,&quot;orientation&quot;:&quot;1&quot;}\" data-image-title=\"renard-avec-fond\" data-image-description=\"\" data-image-caption=\"\" data-medium-file=\"https:\/\/i0.wp.com\/stephaneferrandezconteur.com\/wp-content\/uploads\/2017\/08\/renard-avec-fond.jpg?fit=272%2C300&amp;ssl=1\" data-large-file=\"https:\/\/i0.wp.com\/stephaneferrandezconteur.com\/wp-content\/uploads\/2017\/08\/renard-avec-fond.jpg?fit=297%2C327&amp;ssl=1\" src=\"https:\/\/i0.wp.com\/stephaneferrandezconteur.com\/wp-content\/uploads\/2017\/08\/renard-avec-fond.jpg?resize=297%2C327&#038;ssl=1\" alt=\"\" class=\"wp-image-557\" srcset=\"https:\/\/i0.wp.com\/stephaneferrandezconteur.com\/wp-content\/uploads\/2017\/08\/renard-avec-fond.jpg?w=297&amp;ssl=1 297w, https:\/\/i0.wp.com\/stephaneferrandezconteur.com\/wp-content\/uploads\/2017\/08\/renard-avec-fond.jpg?resize=272%2C300&amp;ssl=1 272w\" sizes=\"(max-width: 297px) 100vw, 297px\" \/><\/figure><\/div>\n\n\n<ul>\n<li>M\u00e9moriser<\/li>\n\n\n\n<li>Aborder une autre culture \u00e0 travers ses contes, son folklore, ses codes<\/li>\n\n\n\n<li>Jongler avec les outils sensoriels et les mots<\/li>\n\n\n\n<li>Construire votre propre chemin de narration par l\u2019emploi des techniques occidentales et japonaises<\/li>\n\n\n\n<li>Exp\u00e9rimenter : Voix, improvisation, pantomime, jeu des personnages, manipulation d&rsquo;un accessoire, rythme<\/li>\n\n\n\n<li>Trouver le geste juste, la posture juste<\/li>\n\n\n\n<li>Respirer<\/li>\n\n\n\n<li>G\u00e9rer son \u00e9nergie<\/li>\n\n\n\n<li>\u00catre attentif au public et \u00e0 l\u2019atmosph\u00e8re<\/li>\n<\/ul>\n\n\n\n<h4 class=\"wp-block-heading\"><span style=\"color: #993366;\"><strong>Formation de 3 \u00e0 5 jours<\/strong><\/span><\/h4>\n\n\n\n<hr class=\"wp-block-separator has-css-opacity\"\/>\n\n\n\n<h3 class=\"wp-block-heading has-text-align-center\">Vous \u00eates un organisme, un h\u00f4pital, une biblioth\u00e8que, une association, une \u00e9cole, une MJC, un groupe de particuliers :<\/h3>\n\n\n\n<h3 class=\"wp-block-heading has-text-align-center\">Tarif et devis sur demande.<\/h3>\n\n\n\n<h3 class=\"wp-block-heading has-text-align-center\">Ils nous ont fais confiance :<\/h3>\n\n\n\n<div class=\"wp-block-group\"><div class=\"wp-block-group__inner-container is-layout-constrained wp-block-group-is-layout-constrained\">\n<p>Stage initiation au Conte, d\u00e9butants, m\u00e9tiers du livre (professionnels et b\u00e9n\u00e9voles en biblioth\u00e8que) Biblioth\u00e8que d\u00e9partementale de la Creuse &#8211; <a href=\"https:\/\/bd.correze.fr\/coquelicontes.aspx?_lg=fr-FR\" target=\"_blank\" rel=\"noopener\" title=\"\">Coquelicontes, mai 2025<\/a><\/p>\n\n\n\n<p>Atelier Initiation au Rakugo, Lyc\u00e9e Bossuet, Meaux, mars 2025<\/p>\n\n\n\n<p>Atelier Parents \/ enfan<em>t Initiation au Rakugo Nuit de la Lecture \u00e0 Vernon, janv<\/em>ier<em> 2025<\/em><\/p>\n\n\n\n<p>Stage\u00a0<em>Hanashika, Sur le fil de la parole Japonaise, pour les professionnels (m\u00e9tiers du Livre)\u00a0<\/em>\u00a0M\u00e9diath\u00e8que de Nyons,  novembre 2024<\/p>\n\n\n\n<p><em>Interpr\u00e9tation et gestuelle dans la tradition japonaise du rakugo,\u00a0<\/em>atelier et conf\u00e9rence organis\u00e9 par le\u00a0<em>Regroupement du Conte au Qu\u00e9bec<\/em>\u00a0et\u00a0<em>Festilou<\/em>, mai 2024<\/p>\n\n\n\n<p>Atelier Parents \/ enfan<em>t Initiation au Rakugo<\/em>&nbsp;<a href=\"https:\/\/www.pennes-mirabeau.org\/index.php\/sortir\/153-rakugo27oct\" target=\"_blank\" rel=\"noreferrer noopener\">Festival Lire au Pradet, Avril 2024<\/a><\/p>\n\n\n\n<p>Stage&nbsp;<em>Hanashika, Sur le fil de la parole Japonaise,<\/em>&nbsp;Festival&nbsp;<em>Conte en mai, 1<\/em>1 &amp; 12 mai 2024, Mulhouse<\/p>\n\n\n\n<p>Atelier Parents \/ enfan<em>t<\/em>&nbsp;<em>Initiation au Rakugo , Journ\u00e9e du Japon, INALCO, 2022, 2023 &amp; 2024<\/em><\/p>\n\n\n\n<p>Atelier Parents \/ enfan<em>t<\/em>&nbsp;<em>Initiation au Rakugo&nbsp;<\/em>M\u00e9diath\u00e8que Le Z\u00e8bre, Pays du Coquelicot, Albert, 2023<\/p>\n\n\n\n<p>Atelier Parents \/ enfan<em>t Initiation au Rakugo<\/em>&nbsp;<a href=\"https:\/\/www.pennes-mirabeau.org\/index.php\/sortir\/153-rakugo27oct\" target=\"_blank\" rel=\"noreferrer noopener\">Ja&rsquo;pennes Festival 2022, Id\u00e9eth\u00e8que, Les Pennes-Mirabeau<\/a><\/p>\n\n\n\n<p><a href=\"https:\/\/www.helloasso.com\/associations\/festival-du-conte-de-baden-passeurs-d-histoires\/evenements\/stage-stephane-ferrandez-1\" target=\"_blank\" rel=\"noreferrer noopener\">Stage D\u00e9butants, Intiation au Conte, Festival du Conte de Baden, 18 &amp; 19 juillet 2022<\/a><\/p>\n\n\n\n<p>AFAR,&nbsp;2013 \u2013 2019, Paris<\/p>\n\n\n\n<p>Coll\u00e8ge Jen Villar 2012 \u00e0 2014&nbsp;:&nbsp;<\/p>\n\n\n\n<p>\u00ab&nbsp;enfants conteurs&nbsp;\u00bb&nbsp;accompagnement coaching<\/p>\n\n\n\n<p>Maison de la Culture du Japon \u00e0 Paris, 2012 &amp; 2022<\/p>\n\n\n\n<p>Atelier Conte Cie Balabolka,&nbsp;2007-2009, Montreuil&nbsp;<\/p>\n<\/div><\/div>\n","protected":false},"excerpt":{"rendered":"<p>ATELIER HEBDOMADAIRE POUR ADULTES Je coanime avec Sonia Koska, un atelier pour adultes \u00e0 Paris L\u2019atelier a lieu tous les lundis sauf vacances scolaires. Cet atelier, qui a d\u00e9but\u00e9 en<\/p>\n<p class=\"more-link\"><a href=\"https:\/\/stephaneferrandezconteur.com\/?page_id=336\" class=\"readmore\">Continue reading<svg class=\"icon icon-arrow-right\" aria-hidden=\"true\" role=\"img\"> <use href=\"#icon-arrow-right\" xlink:href=\"#icon-arrow-right\"><\/use> <\/svg><span class=\"screen-reader-text\">FORMATIONS<\/span><\/a><\/p>\n","protected":false},"author":1,"featured_media":557,"parent":0,"menu_order":0,"comment_status":"closed","ping_status":"closed","template":"","meta":{"_eb_attr":"","_monsterinsights_skip_tracking":false,"_monsterinsights_sitenote_active":false,"_monsterinsights_sitenote_note":"","_monsterinsights_sitenote_category":0,"jetpack_post_was_ever_published":false,"footnotes":""},"aioseo_notices":[],"jetpack_sharing_enabled":true,"jetpack_shortlink":"https:\/\/wp.me\/P94LVL-5q","jetpack-related-posts":[],"jetpack_likes_enabled":true,"_links":{"self":[{"href":"https:\/\/stephaneferrandezconteur.com\/index.php?rest_route=\/wp\/v2\/pages\/336"}],"collection":[{"href":"https:\/\/stephaneferrandezconteur.com\/index.php?rest_route=\/wp\/v2\/pages"}],"about":[{"href":"https:\/\/stephaneferrandezconteur.com\/index.php?rest_route=\/wp\/v2\/types\/page"}],"author":[{"embeddable":true,"href":"https:\/\/stephaneferrandezconteur.com\/index.php?rest_route=\/wp\/v2\/users\/1"}],"replies":[{"embeddable":true,"href":"https:\/\/stephaneferrandezconteur.com\/index.php?rest_route=%2Fwp%2Fv2%2Fcomments&post=336"}],"version-history":[{"count":27,"href":"https:\/\/stephaneferrandezconteur.com\/index.php?rest_route=\/wp\/v2\/pages\/336\/revisions"}],"predecessor-version":[{"id":4077,"href":"https:\/\/stephaneferrandezconteur.com\/index.php?rest_route=\/wp\/v2\/pages\/336\/revisions\/4077"}],"wp:featuredmedia":[{"embeddable":true,"href":"https:\/\/stephaneferrandezconteur.com\/index.php?rest_route=\/wp\/v2\/media\/557"}],"wp:attachment":[{"href":"https:\/\/stephaneferrandezconteur.com\/index.php?rest_route=%2Fwp%2Fv2%2Fmedia&parent=336"}],"curies":[{"name":"wp","href":"https:\/\/api.w.org\/{rel}","templated":true}]}}