{"id":2838,"date":"2023-03-28T20:57:08","date_gmt":"2023-03-28T20:57:08","guid":{"rendered":"http:\/\/stephaneferrandezconteur.com\/?page_id=2838"},"modified":"2025-02-19T15:22:29","modified_gmt":"2025-02-19T15:22:29","slug":"contes-dhalloween-ii","status":"publish","type":"page","link":"https:\/\/stephaneferrandezconteur.com\/?page_id=2838","title":{"rendered":"Contes d&rsquo;Halloween II"},"content":{"rendered":"\n<div style=\"height:56px\" aria-hidden=\"true\" class=\"wp-block-spacer\"><\/div>\n\n\n\n<h2 class=\"wp-block-heading\">Les monstres sont des gens comme les autres <\/h2>\n\n\n\n<div class=\"wp-block-media-text alignwide is-stacked-on-mobile is-vertically-aligned-top\" style=\"grid-template-columns:62% auto\"><figure class=\"wp-block-media-text__media\"><img data-recalc-dims=\"1\" fetchpriority=\"high\" decoding=\"async\" width=\"724\" height=\"1024\" data-attachment-id=\"2956\" data-permalink=\"https:\/\/stephaneferrandezconteur.com\/?attachment_id=2956\" data-orig-file=\"https:\/\/i0.wp.com\/stephaneferrandezconteur.com\/wp-content\/uploads\/2023\/06\/LES-MONSTRES-SONT-DES-GENS-COMME-LES-AUTRES.jpg?fit=1587%2C2245&amp;ssl=1\" data-orig-size=\"1587,2245\" data-comments-opened=\"1\" data-image-meta=\"{&quot;aperture&quot;:&quot;0&quot;,&quot;credit&quot;:&quot;&quot;,&quot;camera&quot;:&quot;&quot;,&quot;caption&quot;:&quot;&quot;,&quot;created_timestamp&quot;:&quot;0&quot;,&quot;copyright&quot;:&quot;&quot;,&quot;focal_length&quot;:&quot;0&quot;,&quot;iso&quot;:&quot;0&quot;,&quot;shutter_speed&quot;:&quot;0&quot;,&quot;title&quot;:&quot;&quot;,&quot;orientation&quot;:&quot;1&quot;}\" data-image-title=\"LES MONSTRES SONT DES GENS COMME LES AUTRES\" data-image-description=\"\" data-image-caption=\"&lt;p&gt;Contes et histoires d&amp;rsquo;\u00e9pouvante 2&lt;\/p&gt;\n\" data-medium-file=\"https:\/\/i0.wp.com\/stephaneferrandezconteur.com\/wp-content\/uploads\/2023\/06\/LES-MONSTRES-SONT-DES-GENS-COMME-LES-AUTRES.jpg?fit=212%2C300&amp;ssl=1\" data-large-file=\"https:\/\/i0.wp.com\/stephaneferrandezconteur.com\/wp-content\/uploads\/2023\/06\/LES-MONSTRES-SONT-DES-GENS-COMME-LES-AUTRES.jpg?fit=724%2C1024&amp;ssl=1\" src=\"https:\/\/i0.wp.com\/stephaneferrandezconteur.com\/wp-content\/uploads\/2023\/06\/LES-MONSTRES-SONT-DES-GENS-COMME-LES-AUTRES.jpg?resize=724%2C1024&#038;ssl=1\" alt=\"\" class=\"wp-image-2956 size-full\" srcset=\"https:\/\/i0.wp.com\/stephaneferrandezconteur.com\/wp-content\/uploads\/2023\/06\/LES-MONSTRES-SONT-DES-GENS-COMME-LES-AUTRES.jpg?resize=724%2C1024&amp;ssl=1 724w, https:\/\/i0.wp.com\/stephaneferrandezconteur.com\/wp-content\/uploads\/2023\/06\/LES-MONSTRES-SONT-DES-GENS-COMME-LES-AUTRES.jpg?resize=212%2C300&amp;ssl=1 212w, https:\/\/i0.wp.com\/stephaneferrandezconteur.com\/wp-content\/uploads\/2023\/06\/LES-MONSTRES-SONT-DES-GENS-COMME-LES-AUTRES.jpg?resize=768%2C1086&amp;ssl=1 768w, https:\/\/i0.wp.com\/stephaneferrandezconteur.com\/wp-content\/uploads\/2023\/06\/LES-MONSTRES-SONT-DES-GENS-COMME-LES-AUTRES.jpg?resize=1086%2C1536&amp;ssl=1 1086w, https:\/\/i0.wp.com\/stephaneferrandezconteur.com\/wp-content\/uploads\/2023\/06\/LES-MONSTRES-SONT-DES-GENS-COMME-LES-AUTRES.jpg?resize=1448%2C2048&amp;ssl=1 1448w, https:\/\/i0.wp.com\/stephaneferrandezconteur.com\/wp-content\/uploads\/2023\/06\/LES-MONSTRES-SONT-DES-GENS-COMME-LES-AUTRES.jpg?w=1587&amp;ssl=1 1587w\" sizes=\"(max-width: 724px) 100vw, 724px\" \/><\/figure><div class=\"wp-block-media-text__content\">\n<p class=\"has-text-align-right has-drop-cap\" style=\"font-size:30px\">Douze coups sonnent au clocher de l\u2019\u00e9glise du quartier. Minuit, &nbsp;Il ferme son journal.<\/p>\n\n\n\n<p class=\"has-text-align-right\" style=\"font-size:25px\"><\/p>\n\n\n\n<p class=\"has-text-align-right\" style=\"font-size:30px\">Il est temps d\u2019aller travailler. La journ\u00e9e, enfin, la nuit commence. Tandis que ses grands pas agiles glissent sur le sol glac\u00e9, sous les rayons de la lune pleine, son ombre gigantesque s\u2019\u00e9tend le long des trottoirs d\u00e9serts. Il adore marcher par ce froid humide et p\u00e9n\u00e9trant&nbsp;: un temps \u00e0 ne pas mettre un vivant dehors.<\/p>\n\n\n\n<p class=\"has-text-align-right\" style=\"font-size:30px\">Mais il ne faudra pas tra\u00eener et avoir du c\u0153ur \u00e0 l\u2019ouvrage, car il a beaucoup de maisons \u00e0 visiter:<\/p>\n\n\n\n<p class=\"has-text-align-right\" style=\"font-size:30px\">les monstres sont des gens comme les autres.<\/p>\n\n\n\n<p style=\"font-size:30px\"><\/p>\n\n\n\n<p style=\"font-size:25px\">\u00e0 partir de 8 ans pour oreilles courageuses<\/p>\n<\/div><\/div>\n\n\n\n<h3 class=\"wp-block-heading\">\u00c0 D\u00c9COUVRIR \u00c9GALEMENT : <a href=\"https:\/\/stephaneferrandezconteur.com\/?page_id=2835\" target=\"_blank\" rel=\"noopener\" title=\"\">LES HISTOIRES DE M. INQUI\u00c9TANT<\/a><\/h3>\n","protected":false},"excerpt":{"rendered":"<p>Les monstres sont des gens comme les autres Douze coups sonnent au clocher de l\u2019\u00e9glise du quartier. Minuit, &nbsp;Il ferme son journal. Il est temps d\u2019aller travailler. La journ\u00e9e, enfin,<\/p>\n<p class=\"more-link\"><a href=\"https:\/\/stephaneferrandezconteur.com\/?page_id=2838\" class=\"readmore\">Continue reading<svg class=\"icon icon-arrow-right\" aria-hidden=\"true\" role=\"img\"> <use href=\"#icon-arrow-right\" xlink:href=\"#icon-arrow-right\"><\/use> <\/svg><span class=\"screen-reader-text\">Contes d&rsquo;Halloween II<\/span><\/a><\/p>\n","protected":false},"author":1,"featured_media":0,"parent":0,"menu_order":0,"comment_status":"closed","ping_status":"closed","template":"","meta":{"_eb_attr":"","_monsterinsights_skip_tracking":false,"_monsterinsights_sitenote_active":false,"_monsterinsights_sitenote_note":"","_monsterinsights_sitenote_category":0,"jetpack_post_was_ever_published":false,"footnotes":""},"aioseo_notices":[],"jetpack_sharing_enabled":true,"jetpack_shortlink":"https:\/\/wp.me\/P94LVL-JM","jetpack-related-posts":[],"jetpack_likes_enabled":true,"_links":{"self":[{"href":"https:\/\/stephaneferrandezconteur.com\/index.php?rest_route=\/wp\/v2\/pages\/2838"}],"collection":[{"href":"https:\/\/stephaneferrandezconteur.com\/index.php?rest_route=\/wp\/v2\/pages"}],"about":[{"href":"https:\/\/stephaneferrandezconteur.com\/index.php?rest_route=\/wp\/v2\/types\/page"}],"author":[{"embeddable":true,"href":"https:\/\/stephaneferrandezconteur.com\/index.php?rest_route=\/wp\/v2\/users\/1"}],"replies":[{"embeddable":true,"href":"https:\/\/stephaneferrandezconteur.com\/index.php?rest_route=%2Fwp%2Fv2%2Fcomments&post=2838"}],"version-history":[{"count":9,"href":"https:\/\/stephaneferrandezconteur.com\/index.php?rest_route=\/wp\/v2\/pages\/2838\/revisions"}],"predecessor-version":[{"id":4016,"href":"https:\/\/stephaneferrandezconteur.com\/index.php?rest_route=\/wp\/v2\/pages\/2838\/revisions\/4016"}],"wp:attachment":[{"href":"https:\/\/stephaneferrandezconteur.com\/index.php?rest_route=%2Fwp%2Fv2%2Fmedia&parent=2838"}],"curies":[{"name":"wp","href":"https:\/\/api.w.org\/{rel}","templated":true}]}}