{"id":2259,"date":"2021-08-30T13:41:12","date_gmt":"2021-08-30T13:41:12","guid":{"rendered":"http:\/\/stephaneferrandezconteur.com\/?page_id=2259"},"modified":"2025-02-19T14:50:15","modified_gmt":"2025-02-19T14:50:15","slug":"dossier-telechargeables","status":"publish","type":"page","link":"https:\/\/stephaneferrandezconteur.com\/?page_id=2259","title":{"rendered":"\u00c0 t\u00e9l\u00e9charger dossiers et plaquettes : Conte &#038; Rakugo"},"content":{"rendered":"\n<div style=\"height:100px\" aria-hidden=\"true\" class=\"wp-block-spacer\"><\/div>\n\n\n\n<h2 class=\"wp-block-heading\">Plaquette du conteur 2024\/2025<\/h2>\n\n\n\n<div data-wp-interactive=\"core\/file\" class=\"wp-block-file\"><object data-wp-bind--hidden=\"!state.hasPdfPreview\"  class=\"wp-block-file__embed\" data=\"https:\/\/stephaneferrandezconteur.com\/wp-content\/uploads\/2025\/02\/Stephane-Ferrandez-Conteur-2025.pdf\" type=\"application\/pdf\" style=\"width:100%;height:600px\" aria-label=\"Contenu embarqu\u00e9 St\u00e9phane Ferrandez Conteur 2025.\"><\/object><a id=\"wp-block-file--media-f1765de0-f4a4-4e8d-8a16-9c8e676ccb3c\" href=\"https:\/\/stephaneferrandezconteur.com\/wp-content\/uploads\/2025\/02\/Stephane-Ferrandez-Conteur-2025.pdf\" target=\"_blank\" rel=\"noreferrer noopener\">St\u00e9phane Ferrandez Conteur 2025<\/a><a href=\"https:\/\/stephaneferrandezconteur.com\/wp-content\/uploads\/2025\/02\/Stephane-Ferrandez-Conteur-2025.pdf\" class=\"wp-block-file__button wp-element-button\" download aria-describedby=\"wp-block-file--media-f1765de0-f4a4-4e8d-8a16-9c8e676ccb3c\">T\u00e9l\u00e9charger<\/a><\/div>\n\n\n\n<div style=\"height:100px\" aria-hidden=\"true\" class=\"wp-block-spacer\"><\/div>\n\n\n\n<h2 class=\"wp-block-heading\">Spectacles de No\u00ebl <\/h2>\n\n\n\n<div data-wp-interactive=\"core\/file\" class=\"wp-block-file\"><object data-wp-bind--hidden=\"!state.hasPdfPreview\"  class=\"wp-block-file__embed\" data=\"https:\/\/stephaneferrandezconteur.com\/wp-content\/uploads\/2021\/09\/La-petite-souris-qui-voyait-grand-et-autres-contes-dhiver-par-Stephane-Ferrandez-Cie-balabolka.pdf\" type=\"application\/pdf\" style=\"width:100%;height:600px\" aria-label=\"Contenu embarqu\u00e9 La-petite-souris-qui-voyait-grand-et-autres-contes-dhiver-par-Stephane-Ferrandez-Cie-balabolka.\"><\/object><a href=\"https:\/\/stephaneferrandezconteur.com\/wp-content\/uploads\/2021\/09\/La-petite-souris-qui-voyait-grand-et-autres-contes-dhiver-par-Stephane-Ferrandez-Cie-balabolka.pdf\">La-petite-souris-qui-voyait-grand-et-autres-contes-dhiver-par-Stephane-Ferrandez-Cie-balabolka<\/a><a href=\"https:\/\/stephaneferrandezconteur.com\/wp-content\/uploads\/2021\/09\/La-petite-souris-qui-voyait-grand-et-autres-contes-dhiver-par-Stephane-Ferrandez-Cie-balabolka.pdf\" class=\"wp-block-file__button wp-element-button\" download>T\u00e9l\u00e9charger<\/a><\/div>\n\n\n\n<div style=\"height:100px\" aria-hidden=\"true\" class=\"wp-block-spacer\"><\/div>\n\n\n\n<h2 class=\"wp-block-heading\">Spectacles dans les parcs et jardins <\/h2>\n\n\n\n<div data-wp-interactive=\"core\/file\" class=\"wp-block-file\"><object data-wp-bind--hidden=\"!state.hasPdfPreview\"  class=\"wp-block-file__embed\" data=\"https:\/\/stephaneferrandezconteur.com\/wp-content\/uploads\/2022\/09\/A-pas-contes-dans-votre-jardin-Cie-Balabolka-1.pdf\" type=\"application\/pdf\" style=\"width:100%;height:600px\" aria-label=\"Contenu embarqu\u00e9 A-pas-contes-dans-votre-jardin-Cie-Balabolka-1.\"><\/object><a href=\"https:\/\/stephaneferrandezconteur.com\/wp-content\/uploads\/2022\/09\/A-pas-contes-dans-votre-jardin-Cie-Balabolka-1.pdf\">A-pas-contes-dans-votre-jardin-Cie-Balabolka-1<\/a><a href=\"https:\/\/stephaneferrandezconteur.com\/wp-content\/uploads\/2022\/09\/A-pas-contes-dans-votre-jardin-Cie-Balabolka-1.pdf\" class=\"wp-block-file__button wp-element-button\" download>T\u00e9l\u00e9charger<\/a><\/div>\n\n\n\n<div style=\"height:100px\" aria-hidden=\"true\" class=\"wp-block-spacer\"><\/div>\n\n\n\n<h2 class=\"wp-block-heading\">Spectacles de contes japonais<\/h2>\n\n\n\n<div data-wp-interactive=\"core\/file\" class=\"wp-block-file\"><object data-wp-bind--hidden=\"!state.hasPdfPreview\"  class=\"wp-block-file__embed\" data=\"https:\/\/stephaneferrandezconteur.com\/wp-content\/uploads\/2021\/08\/Le-Dit-de-Kitsune-le-renard.pdf\" type=\"application\/pdf\" style=\"width:100%;height:400px\" aria-label=\"Contenu embarqu\u00e9 Le-Dit-de-Kitsune-le-renard.\"><\/object><a href=\"https:\/\/stephaneferrandezconteur.com\/wp-content\/uploads\/2021\/08\/Le-Dit-de-Kitsune-le-renard.pdf\">Le-Dit-de-Kitsune-le-renard<\/a><a href=\"https:\/\/stephaneferrandezconteur.com\/wp-content\/uploads\/2021\/08\/Le-Dit-de-Kitsune-le-renard.pdf\" class=\"wp-block-file__button wp-element-button\" download>T\u00e9l\u00e9charger<\/a><\/div>\n\n\n\n<div style=\"height:100px\" aria-hidden=\"true\" class=\"wp-block-spacer\"><\/div>\n\n\n\n<div data-wp-interactive=\"core\/file\" class=\"wp-block-file\"><object data-wp-bind--hidden=\"!state.hasPdfPreview\"  class=\"wp-block-file__embed\" data=\"https:\/\/stephaneferrandezconteur.com\/wp-content\/uploads\/2022\/09\/Dossier-2022-2023-Balade-en-Kimono-Rakugo.pdf\" type=\"application\/pdf\" style=\"width:100%;height:600px\" aria-label=\"Contenu embarqu\u00e9 Dossier-2022-2023-Balade-en-Kimono-Rakugo.\"><\/object><a href=\"https:\/\/stephaneferrandezconteur.com\/wp-content\/uploads\/2022\/09\/Dossier-2022-2023-Balade-en-Kimono-Rakugo.pdf\">Dossier-2022-2023-Balade-en-Kimono-Rakugo<\/a><a href=\"https:\/\/stephaneferrandezconteur.com\/wp-content\/uploads\/2022\/09\/Dossier-2022-2023-Balade-en-Kimono-Rakugo.pdf\" class=\"wp-block-file__button wp-element-button\" download>T\u00e9l\u00e9charger<\/a><\/div>\n\n\n\n<div style=\"height:100px\" aria-hidden=\"true\" class=\"wp-block-spacer\"><\/div>\n\n\n\n<div data-wp-interactive=\"core\/file\" class=\"wp-block-file\"><object data-wp-bind--hidden=\"!state.hasPdfPreview\"  class=\"wp-block-file__embed\" data=\"https:\/\/stephaneferrandezconteur.com\/wp-content\/uploads\/2022\/09\/Dossier-Dans-lombre-les-Yokai-2022-Rakugo-email-format.pdf\" type=\"application\/pdf\" style=\"width:100%;height:600px\" aria-label=\"Contenu embarqu\u00e9 Dossier-Dans-lombre-les-Yokai-2022-Rakugo-email-format.\"><\/object><a href=\"https:\/\/stephaneferrandezconteur.com\/wp-content\/uploads\/2022\/09\/Dossier-Dans-lombre-les-Yokai-2022-Rakugo-email-format.pdf\">Dossier-Dans-lombre-les-Yokai-2022-Rakugo-email-format<\/a><a href=\"https:\/\/stephaneferrandezconteur.com\/wp-content\/uploads\/2022\/09\/Dossier-Dans-lombre-les-Yokai-2022-Rakugo-email-format.pdf\" class=\"wp-block-file__button wp-element-button\" download>T\u00e9l\u00e9charger<\/a><\/div>\n\n\n\n<div style=\"height:100px\" aria-hidden=\"true\" class=\"wp-block-spacer\"><\/div>\n\n\n\n<div style=\"height:100px\" aria-hidden=\"true\" class=\"wp-block-spacer\"><\/div>\n","protected":false},"excerpt":{"rendered":"<p>Plaquette du conteur 2024\/2025 Spectacles de No\u00ebl Spectacles dans les parcs et jardins Spectacles de contes japonais<\/p>\n","protected":false},"author":1,"featured_media":0,"parent":0,"menu_order":0,"comment_status":"closed","ping_status":"closed","template":"","meta":{"_eb_attr":"","_monsterinsights_skip_tracking":false,"_monsterinsights_sitenote_active":false,"_monsterinsights_sitenote_note":"","_monsterinsights_sitenote_category":0,"jetpack_post_was_ever_published":false,"footnotes":""},"aioseo_notices":[],"jetpack_sharing_enabled":true,"jetpack_shortlink":"https:\/\/wp.me\/P94LVL-Ar","jetpack-related-posts":[],"jetpack_likes_enabled":true,"_links":{"self":[{"href":"https:\/\/stephaneferrandezconteur.com\/index.php?rest_route=\/wp\/v2\/pages\/2259"}],"collection":[{"href":"https:\/\/stephaneferrandezconteur.com\/index.php?rest_route=\/wp\/v2\/pages"}],"about":[{"href":"https:\/\/stephaneferrandezconteur.com\/index.php?rest_route=\/wp\/v2\/types\/page"}],"author":[{"embeddable":true,"href":"https:\/\/stephaneferrandezconteur.com\/index.php?rest_route=\/wp\/v2\/users\/1"}],"replies":[{"embeddable":true,"href":"https:\/\/stephaneferrandezconteur.com\/index.php?rest_route=%2Fwp%2Fv2%2Fcomments&post=2259"}],"version-history":[{"count":7,"href":"https:\/\/stephaneferrandezconteur.com\/index.php?rest_route=\/wp\/v2\/pages\/2259\/revisions"}],"predecessor-version":[{"id":4011,"href":"https:\/\/stephaneferrandezconteur.com\/index.php?rest_route=\/wp\/v2\/pages\/2259\/revisions\/4011"}],"wp:attachment":[{"href":"https:\/\/stephaneferrandezconteur.com\/index.php?rest_route=%2Fwp%2Fv2%2Fmedia&parent=2259"}],"curies":[{"name":"wp","href":"https:\/\/api.w.org\/{rel}","templated":true}]}}