{"id":104,"date":"2016-08-07T20:58:30","date_gmt":"2016-08-07T20:58:30","guid":{"rendered":"http:\/\/stephaneferrandezconteur.com\/?page_id=104"},"modified":"2024-07-29T10:59:14","modified_gmt":"2024-07-29T10:59:14","slug":"contes-dasie","status":"publish","type":"page","link":"https:\/\/stephaneferrandezconteur.com\/?page_id=104","title":{"rendered":"Contes d&rsquo;Asie &#038; Rakugo"},"content":{"rendered":"\n<div class=\"wp-block-group\"><div class=\"wp-block-group__inner-container is-layout-flow wp-block-group-is-layout-flow\">\n<div class=\"wp-block-group is-vertical is-layout-flex wp-container-core-group-is-layout-1 wp-block-group-is-layout-flex\">\n<h1 class=\"wp-block-heading\">&nbsp;<\/h1>\n\n\n\n<h1 class=\"wp-block-heading has-large-font-size\" style=\"font-style:normal;font-weight:600\"><strong>Le dit de Kitsune le Renard<\/strong><\/h1>\n\n\n\n<h2 class=\"wp-block-heading\" style=\"font-size:30px;text-transform:none\">Contes et l\u00e9gendes du Japon<\/h2>\n\n\n\n<div class=\"wp-block-columns alignfull are-vertically-aligned-center is-layout-flex wp-container-core-columns-is-layout-2 wp-block-columns-is-layout-flex\">\n<div class=\"wp-block-column is-vertically-aligned-center is-layout-flow wp-block-column-is-layout-flow\" style=\"flex-basis:50%\">\n<div class=\"wp-block-cover is-light\" style=\"min-height:600px;aspect-ratio:unset;\"><span aria-hidden=\"true\" class=\"wp-block-cover__background has-background-dim\" style=\"background-color:#f6f6f6\"><\/span><div class=\"wp-block-cover__inner-container is-layout-flow wp-block-cover-is-layout-flow\"><div class=\"wp-block-image\">\n<figure class=\"aligncenter size-large\"><img data-recalc-dims=\"1\" fetchpriority=\"high\" decoding=\"async\" width=\"724\" height=\"1024\" data-attachment-id=\"1696\" data-permalink=\"https:\/\/stephaneferrandezconteur.com\/?attachment_id=1696\" data-orig-file=\"https:\/\/i0.wp.com\/stephaneferrandezconteur.com\/wp-content\/uploads\/2020\/06\/Le-dit-de-Kitsune-scaled.jpg?fit=1810%2C2560&amp;ssl=1\" data-orig-size=\"1810,2560\" data-comments-opened=\"1\" data-image-meta=\"{&quot;aperture&quot;:&quot;0&quot;,&quot;credit&quot;:&quot;&quot;,&quot;camera&quot;:&quot;&quot;,&quot;caption&quot;:&quot;&quot;,&quot;created_timestamp&quot;:&quot;0&quot;,&quot;copyright&quot;:&quot;&quot;,&quot;focal_length&quot;:&quot;0&quot;,&quot;iso&quot;:&quot;0&quot;,&quot;shutter_speed&quot;:&quot;0&quot;,&quot;title&quot;:&quot;Le dit de Kitsune&quot;,&quot;orientation&quot;:&quot;0&quot;}\" data-image-title=\"Le dit de Kitsune\" data-image-description=\"\" data-image-caption=\"&lt;p&gt;Contes du folklore japonais 1 &lt;\/p&gt;\n\" data-medium-file=\"https:\/\/i0.wp.com\/stephaneferrandezconteur.com\/wp-content\/uploads\/2020\/06\/Le-dit-de-Kitsune-scaled.jpg?fit=212%2C300&amp;ssl=1\" data-large-file=\"https:\/\/i0.wp.com\/stephaneferrandezconteur.com\/wp-content\/uploads\/2020\/06\/Le-dit-de-Kitsune-scaled.jpg?fit=724%2C1024&amp;ssl=1\" src=\"https:\/\/i0.wp.com\/stephaneferrandezconteur.com\/wp-content\/uploads\/2020\/06\/Le-dit-de-Kitsune.jpg?resize=724%2C1024&#038;ssl=1\" alt=\"\" class=\"wp-image-1696\" srcset=\"https:\/\/i0.wp.com\/stephaneferrandezconteur.com\/wp-content\/uploads\/2020\/06\/Le-dit-de-Kitsune-scaled.jpg?resize=724%2C1024&amp;ssl=1 724w, https:\/\/i0.wp.com\/stephaneferrandezconteur.com\/wp-content\/uploads\/2020\/06\/Le-dit-de-Kitsune-scaled.jpg?resize=212%2C300&amp;ssl=1 212w, https:\/\/i0.wp.com\/stephaneferrandezconteur.com\/wp-content\/uploads\/2020\/06\/Le-dit-de-Kitsune-scaled.jpg?resize=768%2C1086&amp;ssl=1 768w, https:\/\/i0.wp.com\/stephaneferrandezconteur.com\/wp-content\/uploads\/2020\/06\/Le-dit-de-Kitsune-scaled.jpg?resize=1086%2C1536&amp;ssl=1 1086w, https:\/\/i0.wp.com\/stephaneferrandezconteur.com\/wp-content\/uploads\/2020\/06\/Le-dit-de-Kitsune-scaled.jpg?resize=1448%2C2048&amp;ssl=1 1448w, https:\/\/i0.wp.com\/stephaneferrandezconteur.com\/wp-content\/uploads\/2020\/06\/Le-dit-de-Kitsune-scaled.jpg?w=1810&amp;ssl=1 1810w\" sizes=\"(max-width: 724px) 100vw, 724px\" \/><\/figure><\/div><\/div><\/div>\n<\/div>\n\n\n\n<div class=\"wp-block-column is-vertically-aligned-center is-layout-flow wp-block-column-is-layout-flow\" style=\"padding-top:1em;padding-right:1em;padding-bottom:1em;padding-left:1em\">\n<div class=\"wp-block-columns is-layout-flex wp-container-core-columns-is-layout-1 wp-block-columns-is-layout-flex\">\n<div class=\"wp-block-column is-layout-flow wp-block-column-is-layout-flow\" style=\"flex-basis:320px\">\n<p class=\"has-medium-font-size\">Kitsune le Renard a le pouvoir de se m\u00e9tamorphoser \u00e0 volont\u00e9. <\/p>\n\n\n\n<p style=\"font-size:18px\">Vendu comme tambour magique pour nourrir sa famille, il devient propri\u00e9t\u00e9 d\u2019une m\u00e8re et de son enfant. Mais quand l\u2019enfant ne cesse de lui taper dessus pour faire r\u00e9sonner sa peau, le renard prononce alors les premiers mots d\u2019un conte. <\/p>\n\n\n\n<p style=\"font-size:18px\">Commence une belle nuit d\u2019histoires, d\u2019Hokkaido \u00e0 Kyushu, pour racheter sa libert\u00e9.<\/p>\n\n\n\n<p>Spectacle tout public \u00e0 partir de 6 ans<\/p>\n<\/div>\n<\/div>\n<\/div>\n<\/div>\n\n\n\n<div style=\"height:100px;width:0px\" aria-hidden=\"true\" class=\"wp-block-spacer wp-container-content-1\"><\/div>\n\n\n\n<h1 class=\"wp-block-heading has-large-font-size\" style=\"font-style:normal;font-weight:600\"><strong>Kwaidan banashi<\/strong><\/h1>\n\n\n\n<h2 class=\"wp-block-heading\" style=\"font-size:30px;text-transform:none\">Histoires de fant\u00f4mes et autres r\u00e9cits&nbsp;myst\u00e9rieux du japon<\/h2>\n\n\n\n<div class=\"wp-block-columns alignfull is-layout-flex wp-container-core-columns-is-layout-4 wp-block-columns-is-layout-flex\">\n<div class=\"wp-block-column is-layout-flow wp-block-column-is-layout-flow\" style=\"flex-basis:50%\">\n<div class=\"wp-block-cover alignright is-light\" style=\"min-height:600px;aspect-ratio:unset;\"><span aria-hidden=\"true\" class=\"wp-block-cover__background has-background-dim-100 has-background-dim\" style=\"background-color:#f6f6f6\"><\/span><div class=\"wp-block-cover__inner-container is-layout-flow wp-block-cover-is-layout-flow\"><div class=\"wp-block-image\">\n<figure class=\"aligncenter size-full is-resized\"><img data-recalc-dims=\"1\" decoding=\"async\" width=\"920\" height=\"1227\" data-attachment-id=\"2800\" data-permalink=\"https:\/\/stephaneferrandezconteur.com\/?attachment_id=2800\" data-orig-file=\"https:\/\/i0.wp.com\/stephaneferrandezconteur.com\/wp-content\/uploads\/2023\/03\/151-edited-scaled.jpg?fit=1920%2C2560&amp;ssl=1\" data-orig-size=\"1920,2560\" data-comments-opened=\"1\" data-image-meta=\"{&quot;aperture&quot;:&quot;8&quot;,&quot;credit&quot;:&quot;&quot;,&quot;camera&quot;:&quot;FinePix Z33WP&quot;,&quot;caption&quot;:&quot;&quot;,&quot;created_timestamp&quot;:&quot;1366715601&quot;,&quot;copyright&quot;:&quot;&quot;,&quot;focal_length&quot;:&quot;6.3&quot;,&quot;iso&quot;:&quot;100&quot;,&quot;shutter_speed&quot;:&quot;0.003125&quot;,&quot;title&quot;:&quot;&quot;,&quot;orientation&quot;:&quot;1&quot;}\" data-image-title=\"151\" data-image-description=\"&lt;p&gt; Yurei&lt;\/p&gt;\n\" data-image-caption=\"&lt;p&gt;Sandrine Garbulia 2015&lt;\/p&gt;\n\" data-medium-file=\"https:\/\/i0.wp.com\/stephaneferrandezconteur.com\/wp-content\/uploads\/2023\/03\/151-edited-scaled.jpg?fit=225%2C300&amp;ssl=1\" data-large-file=\"https:\/\/i0.wp.com\/stephaneferrandezconteur.com\/wp-content\/uploads\/2023\/03\/151-edited-scaled.jpg?fit=768%2C1024&amp;ssl=1\" src=\"https:\/\/i0.wp.com\/stephaneferrandezconteur.com\/wp-content\/uploads\/2023\/03\/151-edited-scaled.jpg?resize=920%2C1227&#038;ssl=1\" alt=\"\" class=\"wp-image-2800\" style=\"width:472px;height:auto\" srcset=\"https:\/\/i0.wp.com\/stephaneferrandezconteur.com\/wp-content\/uploads\/2023\/03\/151-edited-scaled.jpg?w=1920&amp;ssl=1 1920w, https:\/\/i0.wp.com\/stephaneferrandezconteur.com\/wp-content\/uploads\/2023\/03\/151-edited-scaled.jpg?resize=225%2C300&amp;ssl=1 225w, https:\/\/i0.wp.com\/stephaneferrandezconteur.com\/wp-content\/uploads\/2023\/03\/151-edited-scaled.jpg?resize=768%2C1024&amp;ssl=1 768w, https:\/\/i0.wp.com\/stephaneferrandezconteur.com\/wp-content\/uploads\/2023\/03\/151-edited-scaled.jpg?resize=1152%2C1536&amp;ssl=1 1152w, https:\/\/i0.wp.com\/stephaneferrandezconteur.com\/wp-content\/uploads\/2023\/03\/151-edited-scaled.jpg?resize=1536%2C2048&amp;ssl=1 1536w, https:\/\/i0.wp.com\/stephaneferrandezconteur.com\/wp-content\/uploads\/2023\/03\/151-edited-scaled.jpg?w=1840&amp;ssl=1 1840w\" sizes=\"(max-width: 920px) 100vw, 920px\" \/><\/figure><\/div><\/div><\/div>\n<\/div>\n\n\n\n<div class=\"wp-block-column is-vertically-aligned-center is-layout-flow wp-block-column-is-layout-flow\" style=\"padding-top:1em;padding-right:1em;padding-bottom:1em;padding-left:1em\">\n<div class=\"wp-block-columns is-layout-flex wp-container-core-columns-is-layout-3 wp-block-columns-is-layout-flex\">\n<div class=\"wp-block-column is-layout-flow wp-block-column-is-layout-flow\" style=\"flex-basis:320px\">\n<p class=\"has-medium-font-size\">Au Japon, lors des chaudes nuits d&rsquo;\u00e9t\u00e9, on aime se raconter des r\u00e9cits d&rsquo;\u00e9pouvante pour frissonner de peur et se rafra\u00eechir.<\/p>\n\n\n\n<p class=\"has-medium-font-size\">Quand le&nbsp;rire et le frisson de l&rsquo;invisible c\u00f4toient le quotidien. Suivez le conteur sur les traces des peintres clairvoyants ,des femmes fant\u00f4mes, et autres monstres &nbsp;du monde flottant.<\/p>\n\n\n\n<p class=\"has-normal-font-size\">Spectacle \u00e0 partir de 10 ans<\/p>\n<\/div>\n<\/div>\n<\/div>\n<\/div>\n\n\n\n<div style=\"height:0px\" aria-hidden=\"true\" class=\"wp-block-spacer wp-container-content-2\"><\/div>\n\n\n\n<h2 class=\"wp-block-heading has-text-align-center has-large-font-size\" style=\"font-style:normal;font-weight:600\">RAKUGO<\/h2>\n\n\n\n<h2 class=\"wp-block-heading\" style=\"font-size:30px;text-transform:none\">Contes humoristiques japonais<\/h2>\n\n\n\n<div class=\"wp-block-media-text is-stacked-on-mobile\"><figure class=\"wp-block-media-text__media\"><img data-recalc-dims=\"1\" decoding=\"async\" width=\"724\" height=\"1024\" data-attachment-id=\"2547\" data-permalink=\"https:\/\/stephaneferrandezconteur.com\/?attachment_id=2547\" data-orig-file=\"https:\/\/i0.wp.com\/stephaneferrandezconteur.com\/wp-content\/uploads\/2022\/09\/Histoires-tombees-dun-eventail-laffiche.jpg?fit=1414%2C2000&amp;ssl=1\" data-orig-size=\"1414,2000\" data-comments-opened=\"1\" data-image-meta=\"{&quot;aperture&quot;:&quot;0&quot;,&quot;credit&quot;:&quot;&quot;,&quot;camera&quot;:&quot;&quot;,&quot;caption&quot;:&quot;&quot;,&quot;created_timestamp&quot;:&quot;0&quot;,&quot;copyright&quot;:&quot;&quot;,&quot;focal_length&quot;:&quot;0&quot;,&quot;iso&quot;:&quot;0&quot;,&quot;shutter_speed&quot;:&quot;0&quot;,&quot;title&quot;:&quot;&quot;,&quot;orientation&quot;:&quot;0&quot;}\" data-image-title=\"Histoires tomb\u00e9es d&amp;rsquo;un \u00e9ventail l&amp;rsquo;affiche\" data-image-description=\"\" data-image-caption=\"&lt;p&gt;Rakugo Contes comiques japonais&lt;\/p&gt;\n\" data-medium-file=\"https:\/\/i0.wp.com\/stephaneferrandezconteur.com\/wp-content\/uploads\/2022\/09\/Histoires-tombees-dun-eventail-laffiche.jpg?fit=212%2C300&amp;ssl=1\" data-large-file=\"https:\/\/i0.wp.com\/stephaneferrandezconteur.com\/wp-content\/uploads\/2022\/09\/Histoires-tombees-dun-eventail-laffiche.jpg?fit=724%2C1024&amp;ssl=1\" src=\"https:\/\/i0.wp.com\/stephaneferrandezconteur.com\/wp-content\/uploads\/2022\/09\/Histoires-tombees-dun-eventail-laffiche.jpg?resize=724%2C1024&#038;ssl=1\" alt=\"\" class=\"wp-image-2547 size-full\" srcset=\"https:\/\/i0.wp.com\/stephaneferrandezconteur.com\/wp-content\/uploads\/2022\/09\/Histoires-tombees-dun-eventail-laffiche.jpg?resize=724%2C1024&amp;ssl=1 724w, https:\/\/i0.wp.com\/stephaneferrandezconteur.com\/wp-content\/uploads\/2022\/09\/Histoires-tombees-dun-eventail-laffiche.jpg?resize=212%2C300&amp;ssl=1 212w, https:\/\/i0.wp.com\/stephaneferrandezconteur.com\/wp-content\/uploads\/2022\/09\/Histoires-tombees-dun-eventail-laffiche.jpg?resize=768%2C1086&amp;ssl=1 768w, https:\/\/i0.wp.com\/stephaneferrandezconteur.com\/wp-content\/uploads\/2022\/09\/Histoires-tombees-dun-eventail-laffiche.jpg?resize=1086%2C1536&amp;ssl=1 1086w, https:\/\/i0.wp.com\/stephaneferrandezconteur.com\/wp-content\/uploads\/2022\/09\/Histoires-tombees-dun-eventail-laffiche.jpg?w=1414&amp;ssl=1 1414w\" sizes=\"(max-width: 724px) 100vw, 724px\" \/><\/figure><div class=\"wp-block-media-text__content\">\n<p>D\u00e9couvrez <a href=\"http:\/\/www.rakugo.fr\/nos-spectacles\/\">nos\u00a0Spectacles de Rakugo<\/a>, une nouvelle mani\u00e8re ludique et dynamique de raconter. Un art du conte japonais n\u00e9 il y a pr\u00e8s de 400 ans qui nous a \u00e9t\u00e9 enseign\u00e9 par les ma\u00eetres d&rsquo;Osaka !<\/p>\n<\/div><\/div>\n\n\n\n<div class=\"wp-block-columns is-layout-flex wp-container-core-columns-is-layout-5 wp-block-columns-is-layout-flex\">\n<div class=\"wp-block-column is-layout-flow wp-block-column-is-layout-flow\" style=\"flex-basis:100%\"><\/div>\n<\/div>\n\n\n\n<h2 class=\"wp-block-heading\">&nbsp;<\/h2>\n\n\n\n<h1 class=\"wp-block-heading has-text-align-left has-large-font-size\" style=\"font-style:normal;font-weight:600\">Makan Angin, Manger le vent<\/h1>\n\n\n\n<h2 class=\"wp-block-heading\" style=\"font-size:30px;text-transform:none\">Contes et l\u00e9gendes d&rsquo;Indon\u00e9sie<\/h2>\n\n\n\n<div class=\"wp-block-columns alignfull is-layout-flex wp-container-core-columns-is-layout-7 wp-block-columns-is-layout-flex\">\n<div class=\"wp-block-column is-layout-flow wp-block-column-is-layout-flow\" style=\"flex-basis:50%\">\n<div class=\"wp-block-cover is-light\" style=\"min-height:600px;aspect-ratio:unset;\"><span aria-hidden=\"true\" class=\"wp-block-cover__background has-background-dim-100 has-background-dim\" style=\"background-color:#f6f6f6\"><\/span><div class=\"wp-block-cover__inner-container is-layout-flow wp-block-cover-is-layout-flow\"><div class=\"wp-block-image\">\n<figure class=\"aligncenter size-large\"><img data-recalc-dims=\"1\" loading=\"lazy\" decoding=\"async\" width=\"724\" height=\"1024\" data-attachment-id=\"2801\" data-permalink=\"https:\/\/stephaneferrandezconteur.com\/?attachment_id=2801\" data-orig-file=\"https:\/\/i0.wp.com\/stephaneferrandezconteur.com\/wp-content\/uploads\/2023\/03\/Makan-angin-Manger-le-vent.jpg?fit=1587%2C2245&amp;ssl=1\" data-orig-size=\"1587,2245\" data-comments-opened=\"1\" data-image-meta=\"{&quot;aperture&quot;:&quot;0&quot;,&quot;credit&quot;:&quot;&quot;,&quot;camera&quot;:&quot;&quot;,&quot;caption&quot;:&quot;&quot;,&quot;created_timestamp&quot;:&quot;0&quot;,&quot;copyright&quot;:&quot;&quot;,&quot;focal_length&quot;:&quot;0&quot;,&quot;iso&quot;:&quot;0&quot;,&quot;shutter_speed&quot;:&quot;0&quot;,&quot;title&quot;:&quot;&quot;,&quot;orientation&quot;:&quot;1&quot;}\" data-image-title=\"Makan-angin-Manger-le-vent\" data-image-description=\"\" data-image-caption=\"&lt;p&gt;Contes Indon\u00e9siens&lt;\/p&gt;\n\" data-medium-file=\"https:\/\/i0.wp.com\/stephaneferrandezconteur.com\/wp-content\/uploads\/2023\/03\/Makan-angin-Manger-le-vent.jpg?fit=212%2C300&amp;ssl=1\" data-large-file=\"https:\/\/i0.wp.com\/stephaneferrandezconteur.com\/wp-content\/uploads\/2023\/03\/Makan-angin-Manger-le-vent.jpg?fit=724%2C1024&amp;ssl=1\" src=\"https:\/\/i0.wp.com\/stephaneferrandezconteur.com\/wp-content\/uploads\/2023\/03\/Makan-angin-Manger-le-vent.jpg?resize=724%2C1024&#038;ssl=1\" alt=\"\" class=\"wp-image-2801\" srcset=\"https:\/\/i0.wp.com\/stephaneferrandezconteur.com\/wp-content\/uploads\/2023\/03\/Makan-angin-Manger-le-vent.jpg?resize=724%2C1024&amp;ssl=1 724w, https:\/\/i0.wp.com\/stephaneferrandezconteur.com\/wp-content\/uploads\/2023\/03\/Makan-angin-Manger-le-vent.jpg?resize=212%2C300&amp;ssl=1 212w, https:\/\/i0.wp.com\/stephaneferrandezconteur.com\/wp-content\/uploads\/2023\/03\/Makan-angin-Manger-le-vent.jpg?resize=768%2C1086&amp;ssl=1 768w, https:\/\/i0.wp.com\/stephaneferrandezconteur.com\/wp-content\/uploads\/2023\/03\/Makan-angin-Manger-le-vent.jpg?resize=1086%2C1536&amp;ssl=1 1086w, https:\/\/i0.wp.com\/stephaneferrandezconteur.com\/wp-content\/uploads\/2023\/03\/Makan-angin-Manger-le-vent.jpg?resize=1448%2C2048&amp;ssl=1 1448w, https:\/\/i0.wp.com\/stephaneferrandezconteur.com\/wp-content\/uploads\/2023\/03\/Makan-angin-Manger-le-vent.jpg?w=1587&amp;ssl=1 1587w\" sizes=\"(max-width: 724px) 100vw, 724px\" \/><\/figure><\/div><\/div><\/div>\n<\/div>\n\n\n\n<div class=\"wp-block-column is-vertically-aligned-center is-layout-flow wp-block-column-is-layout-flow\" style=\"padding-top:1em;padding-right:1em;padding-bottom:1em;padding-left:1em\">\n<div class=\"wp-block-columns is-layout-flex wp-container-core-columns-is-layout-6 wp-block-columns-is-layout-flex\">\n<div class=\"wp-block-column is-layout-flow wp-block-column-is-layout-flow\" style=\"flex-basis:320px\">\n<p class=\"has-medium-font-size\" style=\"line-height:1.6\"><\/p>\n\n\n\n<p class=\"has-medium-font-size\" style=\"line-height:1.6\">Sumatra, Java, Bali, Born\u00e9o<\/p>\n\n\n\n<p class=\"has-medium-font-size\" style=\"line-height:1.6\">Diverses et unes, les terres d&rsquo;Indon\u00e9sie vibrent au son des sept cent langues chant\u00e9es, cri\u00e9es, parl\u00e9es ou psalmodi\u00e9es par plus de 300 peuples. Mais le temps, quant \u00e0 lui, a sa propre unit\u00e9, modulable, \u00e9lastique. Et l&rsquo;on vous ira de prendre le temps qui s&rsquo;offre \u00e0 vous, quand des emb\u00fbches vous emp\u00eachent d&rsquo;avancer.<\/p>\n\n\n\n<p class=\"has-medium-font-size\" style=\"line-height:1.6\">On vous dira aussi \u00e0 Bali : <\/p>\n\n\n\n<p class=\"has-medium-font-size\" style=\"line-height:1.6\">\u00ab\u00a0<em>Makan angin<\/em>\u00ab\u00a0, de manger le vent, d&rsquo;aller faire un tour&#8230;.<\/p>\n\n\n\n<p>tout public \u00e0 partir de 7 ans<\/p>\n<\/div>\n<\/div>\n<\/div>\n<\/div>\n<\/div>\n\n\n\n<div style=\"height:100px\" aria-hidden=\"true\" class=\"wp-block-spacer\"><\/div>\n\n\n\n<div style=\"height:100px\" aria-hidden=\"true\" class=\"wp-block-spacer\"><\/div>\n<\/div><\/div>\n","protected":false},"excerpt":{"rendered":"<p>&nbsp; Le dit de Kitsune le Renard Contes et l\u00e9gendes du Japon Kitsune le Renard a le pouvoir de se m\u00e9tamorphoser \u00e0 volont\u00e9. Vendu comme tambour magique pour nourrir sa<\/p>\n<p class=\"more-link\"><a href=\"https:\/\/stephaneferrandezconteur.com\/?page_id=104\" class=\"readmore\">Continue reading<svg class=\"icon icon-arrow-right\" aria-hidden=\"true\" role=\"img\"> <use href=\"#icon-arrow-right\" xlink:href=\"#icon-arrow-right\"><\/use> <\/svg><span class=\"screen-reader-text\">Contes d&rsquo;Asie &#038; Rakugo<\/span><\/a><\/p>\n","protected":false},"author":1,"featured_media":1402,"parent":65,"menu_order":0,"comment_status":"closed","ping_status":"closed","template":"","meta":{"_eb_attr":"","_monsterinsights_skip_tracking":false,"_monsterinsights_sitenote_active":false,"_monsterinsights_sitenote_note":"","_monsterinsights_sitenote_category":0,"jetpack_post_was_ever_published":true,"footnotes":""},"aioseo_notices":[],"jetpack_sharing_enabled":true,"jetpack_shortlink":"https:\/\/wp.me\/P94LVL-1G","jetpack-related-posts":[],"jetpack_likes_enabled":true,"_links":{"self":[{"href":"https:\/\/stephaneferrandezconteur.com\/index.php?rest_route=\/wp\/v2\/pages\/104"}],"collection":[{"href":"https:\/\/stephaneferrandezconteur.com\/index.php?rest_route=\/wp\/v2\/pages"}],"about":[{"href":"https:\/\/stephaneferrandezconteur.com\/index.php?rest_route=\/wp\/v2\/types\/page"}],"author":[{"embeddable":true,"href":"https:\/\/stephaneferrandezconteur.com\/index.php?rest_route=\/wp\/v2\/users\/1"}],"replies":[{"embeddable":true,"href":"https:\/\/stephaneferrandezconteur.com\/index.php?rest_route=%2Fwp%2Fv2%2Fcomments&post=104"}],"version-history":[{"count":23,"href":"https:\/\/stephaneferrandezconteur.com\/index.php?rest_route=\/wp\/v2\/pages\/104\/revisions"}],"predecessor-version":[{"id":3731,"href":"https:\/\/stephaneferrandezconteur.com\/index.php?rest_route=\/wp\/v2\/pages\/104\/revisions\/3731"}],"up":[{"embeddable":true,"href":"https:\/\/stephaneferrandezconteur.com\/index.php?rest_route=\/wp\/v2\/pages\/65"}],"wp:featuredmedia":[{"embeddable":true,"href":"https:\/\/stephaneferrandezconteur.com\/index.php?rest_route=\/wp\/v2\/media\/1402"}],"wp:attachment":[{"href":"https:\/\/stephaneferrandezconteur.com\/index.php?rest_route=%2Fwp%2Fv2%2Fmedia&parent=104"}],"curies":[{"name":"wp","href":"https:\/\/api.w.org\/{rel}","templated":true}]}}